24727241 is divided by 126?
119
What is the remainder when 825412 is divided by 3055?
562
What is the remainder when 3221549 is divided by 644293?
84
Calculate the remainder when 62042863 is divided by 37716.
43
What is the remainder when 750257 is divided by 41675?
107
What is the remainder when 86351 is divided by 5598?
2381
Calculate the remainder when 12408874 is divided by 3912.
10
What is the remainder when 198215 is divided by 1238?
135
Calculate the remainder when 1851611 is divided by 4373.
1832
Calculate the remainder when 1287381 is divided by 160920.
21
What is the remainder when 3211031 is divided by 14935?
6
What is the remainder when 28466450 is divided by 7?
5
Calculate the remainder when 1542569 is divided by 36727.
35
What is the remainder when 67180 is divided by 3928?
404
What is the remainder when 68133 is divided by 34047?
39
Calculate the remainder when 918067 is divided by 587.
586
Calculate the remainder when 9544 is divided by 4762.
20
Calculate the remainder when 46556210 is divided by 1250.
1210
Calculate the remainder when 143824575 is divided by 449.
446
What is the remainder when 2176255 is divided by 166?
161
What is the remainder when 107612 is divided by 1016?
932
Calculate the remainder when 1528104 is divided by 793.
786
What is the remainder when 850018 is divided by 10?
8
What is the remainder when 4503324 is divided by 1356?
48
What is the remainder when 25148993 is divided by 515?
513
What is the remainder when 1269773 is divided by 355?
293
Calculate the remainder when 232781 is divided by 76581.
3038
Calculate the remainder when 60964151 is divided by 3386897.
5
Calculate the remainder when 210985 is divided by 105415.
155
Calculate the remainder when 77393 is divided by 38363.
667
Calculate the remainder when 16404705 is divided by 2398.
2385
Calculate the remainder when 109029 is divided by 1358.
389
What is the remainder when 1822568 is divided by 28?
20
Calculate the remainder when 58007121 is divided by 61.
25
Calculate the remainder when 90767837 is divided by 796209.
11
What is the remainder when 995009 is divided by 281?
269
What is the remainder when 1518487 is divided by 1094?
15
What is the remainder when 855672 is divided by 3291?
12
What is the remainder when 159184 is divided by 2850?
2434
What is the remainder when 1685176 is divided by 1?
0
Calculate the remainder when 6771117 is divided by 89.
86
Calculate the remainder when 280095786 is divided by 523.
521
Calculate the remainder when 142066 is divided by 5737.
4378
What is the remainder when 73506 is divided by 324?
282
What is the remainder when 1198399 is divided by 399458?
25
What is the remainder when 425846 is divided by 199?
185
What is the remainder when 35210 is divided by 5736?
794
What is the remainder when 38967 is divided by 672?
663
What is the remainder when 1617920 is divided by 61?
17
Calculate the remainder when 156259 is divided by 1884.
1771
Calculate the remainder when 1583617 is divided by 397.
381
Calculate the remainder when 14071515 is divided by 174.
135
Calculate the remainder when 52140916 is divided by 37.
35
Calculate the remainder when 393325 is divided by 2173.
12
What is the remainder when 257676 is divided by 7997?
1772
Calculate the remainder when 607436 is divided by 35721.
179
What is the remainder when 81338 is divided by 3794?
1664
Calculate the remainder when 129716883 is divided by 665.
653
Calculate the remainder when 5549042 is divided by 332.
326
What is the remainder when 59523814 is divided by 929?
926
What is the remainder when 35827480 is divided by 2385?
10
What is the remainder when 28073 is divided by 1059?
539
Calculate the remainder when 39499060 is divided by 19.
17
Calculate the remainder when 5018410 is divided by 13.
7
Calculate the remainder when 3589447 is divided by 1149.
1120
What is the remainder when 3963 is divided by 933?
231
Calculate the remainder when 12550079 is divided by 2183.
12
What is the remainder when 10848414 is divided by 73?
30
Calculate the remainder when 59310 is divided by 15.
0
Calculate the remainder when 2279470 is divided by 227946.
10
What is the remainder when 30354943 is divided by 644?
3
Calculate the remainder when 30450637 is divided by 347.
346
What is the remainder when 81201 is divided by 1427?
1289
What is the remainder when 635798 is divided by 14640?
6278
What is the remainder when 5505520 is divided by 151?
60
Calculate the remainder when 62967543 is divided by 1074.
1071
Calculate the remainder when 870483635 is divided by 40.
35
Calculate the remainder when 5135237 is divided by 1711743.
8
Calculate the remainder when 9158895 is divided by 77.
53
Calculate the remainder when 201036826 is divided by 2680491.
1
Calculate the remainder when 93394685 is divided by 58665.
5
Calculate the remainder when 1373 is divided by 491.
391
Calculate the remainder when 157279 is divided by 2418.
109
What is the remainder when 167538 is divided by 226?
72
Calculate the remainder when 8191047 is divided by 2730346.
9
Calculate the remainder when 41196 is divided by 2156.
232
What is the remainder when 224041 is divided by 245?
111
Calculate the remainder when 66481 is divided by 1309.
1031
Calculate the remainder when 679798649 is divided by 13.
10
What is the remainder when 248636257 is divided by 5438?
21
What is the remainder when 295975 is divided by 1114?
765
What is the remainder when 2001972 is divided by 21999?
63
What is the remainder when 4777832 is divided by 85318?
24
What is the remainder when 84043 is divided by 8349?
553
Calculate the remainder when 7738994 is divided by 10704.
2
Calculate the remainder when 18460983 is divided by 364.
359
What is the remainder when 1832630 is divided by 203?
149
Calculate the remainder when 28564071 is divided by 22456.
39
Calculate the remainder when 40146 is divided by 4317.
1293
What is the remainder when 30610 is divided by 7437?
862
What is the remainder when 218446 is divided by 542?
20
Calculate the remainder when 13633 is divided by 13616.
17
Calculate the remainder when 2120701 is divided by 706900.
1
What is the remainder when 361294 is divided by 45154?
62
Calculate the remainder when 511333989 is divided by 10757.
10751
What is the remainder when 332582 is divided by 1956?
62
What is the remainder when 1014046 is divided by 384?
286
What is the remainder when 148163894 is divided by 344?
342
What is the remainder when 213047 is divided by 933?
323
What is the remainder when 357681 is divided by 25543?
79
Calculate the remainder when 46471 is divided by 41.
18
Calculate the remainder when 4557062 is divided by 57.
26
What is the remainder when 1616572 is divided by 39?
22
Calculate the remainder when 10340791 is divided by 169516.
315
Calculate the remainder when 8904766 is divided by 833.
829
What is the remainder when 4408354 is divided by 102?
16
What is the remainder when 59030187 is divided by 6527?
6526
What is the remainder when 1641908 is divided by 222?
218
Calculate the remainder when 18007707 is divided by 31427.
36
Calculate the remainder when 115537480 is divided by 89.
83
Calculate the remainder when 18689636 is divided by 3013.
3010
Calculate the remainder when 3146376 is divided by 157315.
76
What is the remainder when 409419 is divided by 3442?
3263
Calculate the remainder when 121438 is divided by 24137.
753
What is the remainder when 2596106 is divided by 297?
29
Calculate the remainder when 217457 is divided by 1052.
745
Calculate the remainder when 404139 is divided by 2176.
1579
What is the remainder when 1143665 is divided by 20061?
188
Calculate the remainder when 23787516 is divided by 315.
291
Calculate the remainder when 5095954 is divided by 9100.
9054
What is the remainder when 4963059 is divided by 5478?
5469
Calculate the remainder when 1023196 is divided by 473.
97
What is the remainder when 155469584 is divided by 21?
11
Calculate the remainder when 149401 is divided by 106.
47
Calculate the remainder when 72891 is divided by 2136.
267
What is the remainder when 11216762 is divided by 2804189?
6
Calculate the remainder when 69174 is divided by 1359.
1224
What is the remainder when 336497 is divided by 97?
4
What is the remainder when 8931 is divided by 148